 of 26 + -12 - (4 - (-4 - 6))?
0
Calculate 1 - -37 - (-15 - (-15 + (3 - 14))).
27
What is -19 - (-11 - -5) - (-4 + -1 + 3)?
-11
What is the value of -306 - -309 - ((4 - 2) + 1 + 0)?
0
What is (17 - (8 - 10)) + (-1 - 3) + 8?
23
What is the value of -11 + 2 - (1 - 11 - 9)?
10
What is the value of -15 - (-19 - (-6 + -19))?
-21
Evaluate -16 + 21 + -30 + 12.
-13
Calculate 0 - -2 - (4 + (0 - 1)).
-1
What is the value of -23 - -25 - (0 - -2)?
0
What is 19 + 1 + (-2 - -1) + 7?
26
Calculate 53 + -36 + (-3 - 2) - (1 + -7).
18
Calculate -4 - (3 + (-8 - -11)) - (0 + 4).
-14
What is (17 - (-11 - -15)) + -6?
7
Evaluate -68 - -72 - (0 - -7).
-3
What is the value of -6 + -2 + 11 + -2 + -5?
-4
Calculate 1 - (4 - 7) - (19 + 0 + 1).
-16
What is (-14 - -15) + (-26 - (2 - -2) - 3)?
-32
Evaluate (-11 + 8 - 7) + -1.
-11
What is -4 + (-120 - -140 - (8 + -2 - 1))?
11
-15 - 11 - (-1 + -27)
2
22 + (-24 - -14) - (-10 + 4 + 0)
18
What is 2 + (-2 - -5) + -5 + (-5 - -18)?
13
Evaluate -20 + 34 - (2 - -2).
10
What is the value of (1 - 8 - -6) + 5 + 15 + -8?
11
Evaluate (4 - -1) + (34 - 54 - -14) - 15.
-16
What is the value of -10 - (-3 - (1 + -2)) - (-570 - -563)?
-1
Evaluate 46 + (0 + -1 - (13 + (-10 - -3))).
39
Evaluate 185 + -195 + (-6 - -40).
24
Calculate 4 + 12 + 2 - 21.
-3
Calculate (1 - (9 - 12 - (-2 + -1))) + 12.
13
5 + 4 + (-13 - (-41 - (-14 + 9)))
32
What is the value of (-1 - 1) + 2 - (1 + -2) - -5?
6
Calculate (-37 - -17) + 25 - (-6 - -23).
-12
Calculate (-9 + 4 - (30 + -33)) + 11 + -1.
8
1 + (-5 - (1 + -24)) + -9
10
-45 + (42 - (71 - 34))
-40
What is -14 + 14 + -8 + 3 - (-1 - -1)?
-5
What is the value of 6 + 14 + -28 + 10 + (0 - 6)?
-4
Evaluate 2 - -4 - (4 - (4 + -12)) - 1.
-7
Evaluate 27 + (-4 - 16) + (-9 - 1) - 4.
-7
20 - (19 - (8 + -8 + 2))
3
-1 + (2 - 2) - (254 - 279)
24
What is the value of 0 + 6 + -9 + 6 + 2 + -7?
-2
0 - -27 - (-40 - -28 - -4)
35
19 + 19 + -14 + -39
-15
What is (11 - 15 - -14) + 16 + -3?
23
Evaluate 16 - (17 + -14 + 7 + -1).
7
What is the value of 6 + (-10 + -1 - 3) - (-8 + 5)?
-5
What is the value of -14 + (1 + -1 - -3) + 1?
-10
(-1 - -3) + (2 - 1) - (30 - 30)
3
84 - 90 - (-1 - (7 - 1)) - -11
12
(0 - 1) + 1 + -48 + 12 + 29
-7
What is the value of 2 + (22 - (15 - -1))?
8
What is the value of 22 + -23 + 10 + -11?
-2
What is the value of -7 - (13 + -11 + 5 + -1)?
-13
What is the value of 4 - (14 - (13 + (-16 - -5)))?
-8
Calculate 49 + -57 - (1 + -2).
-7
Calculate (-1 - -10 - 4) + -19 + 3 - 3.
-14
Evaluate (-5 + (5 + -5 - -8) - -6) + -24.
-15
Calculate 25 + -19 + -8 - (13 + -2).
-13
Calculate -9 + (37 - (0 + 6 + -1 - 8)).
31
What is (13 - (13 - 2)) + -3 + -15?
-16
Evaluate 1 + -3 + 5 + (-2 - (-41 - -30)).
12
Calculate 5 + (3 + 0 + 1 - 1) - 3.
5
38 - 36 - (3 - (4 + -2))
1
Evaluate (-62 - -72) + (0 - -10).
20
Evaluate 10 - (-6 + 4 + 45 + -11).
-22
What is -89 - -101 - (7 - 0) - (-4 - 0)?
9
What is the value of -3 + (5 + -18 + 10 - -14)?
8
What is 0 + -12 - ((-11 - -35) + -24)?
-12
Calculate -8 + (23 - (7 + -5 - -10)).
3
Evaluate (-2 + -20 - -2) + 405 + -404.
-19
Calculate 9 + (14 - 14) - (-2 - 2).
13
Evaluate -1 - (16 + -8 + 10 + 0 + 8).
-27
What is the value of (-5 - 1) + (-28 - (16 + (-9 - 39)))?
-2
Calculate (1955 - 1962) + (0 + -2 - (-20 - 1)).
12
What is the value of 30 + -16 + -33 + 38?
19
What is -12 + 19 - (13 - -2)?
-8
Calculate 4 + 6 - (-7 - 14 - -10).
21
Evaluate -6 + (-6 - ((0 - 11) + -2 + 2)).
-1
Evaluate -3 - 1 - (-31 - (0 + -21)).
6
What is the value of -5 + (-4 - 7 - -30) - 6?
8
What is the value of 284 - 287 - (4 - 2 - 13 - 0)?
8
(-2 - (26 + -23)) + (-2 - (-19 - -2))
10
Calculate 7 + 6 - (8 - 6).
11
What is the value of -1 + (0 - (1 + 2)) + 106 + -89?
13
Evaluate 22 + (-39 - 3) + 10.
-10
Calculate -40 + 44 + (-3 - 8).
-7
What is 36 + -10 + (4 - 0 - 8) + -4?
18
Calculate -7 + (20 - (-18 - -34)) - 19.
-22
What is the value of 30 + (0 - (20 + -16))?
26
Calculate 16 - 46 - (-18 - 4).
-8
-8 + (35 - 4) + -45
-22
What is (4 - 6) + -3 + 7 + 1?
3
Calculate 0 + (24 - 11 - 27).
-14
What is -4 + -3 + 9 + -16?
-14
Calculate 1 - (-3 + -2) - (5 - 4) - 5.
0
-3 + 1 - (-1 + 18) - (-51 - -58)
-26
23 + -23 + 19 + -29
-10
What is the value of -1 + -7 + -23 + 49 + -31?
-13
What is (-14 + 0 - -21) + -8 - (-2 + 0)?
1
What is the value of (-2 - -10) + -12 - ((0 - 4) + 1)?
-1
Evaluate 82 - 74 - (2 + -2 + 7).
1
What is 5 + -8 + 18 + -18 + 7?
4
Calculate -18 + 8 + (7 - 14 - -9).
-8
1 + (4 - 0 - (9 + (-6 - 1)))
3
What is 16 + -1 + -7 - 14 - -15?
9
8 + -14 + (3 - (9 + (-1 - 2)))
-9
Calculate -266 - -267 - ((-5 - (4 + -6)) + 3).
1
Evaluate 5 + (-12 - (-10 - -16)).
-13
Calculate -2 + (2 - (-7 + 12 + 6)).
-11
Evaluate -7 + (-1 - -1) + 25 + -11.
7
What is the value of 24 + -27 - (1 - (7 + 0 + -2))?
1
What is 21 + 1 + (42 + -56 - (-8 + 1))?
15
-29 + 69 + -23 + 4
21
11 + 13 + -10 + -11 + 1
4
(1 - 9 - (-55 - -47)) + -16 + 40
24
What is the value of 19 - (0 - 9 - -22 - 5)?
11
What is 15 - ((-16 - -29) + -5)?
7
Evaluate -8 - (5 + (-17 + 13 - -7)).
-16
Calculate (1 - 9) + -69 + 79 + 6.
8
7 - (-3 - (-3 - (-12 + 3)))
16
(22 - -2) + 20 + -35
9
Calculate -15 - 3 - (-39 + 8).
13
What is 2 + 32 + -17 + 2?
19
What is the value of 26 - (-13 + 24) - (-13 - -19)?
9
Calculate (26 + -8 - (-5 + 4)) + -11.
8
(-1 - -17) + 0 + (-187 - -180)
9
Calculate -550 + 556 + (-3 - 0 - 1).
2
What is the value of 4 + (-13 + 16 - 8) - -3?
2
Evaluate -12 - ((138 - 133) + (0 - 13)).
-4
Evaluate (15 - -9) + 12 + -37.
-1
Evaluate -2 + 2 + 1 - (-189 + 183) - 28.
-21
33 + -2 + -6 + 0 + -10
15
What is (3 - 4) + 15 + -5?
9
What is (-1 - 16) + 30 + -20?
-7
Calculate (9 - ((-9 - -14) + 0 - -4)) + -5.
-5
What is the value of 0 - (-15 + 1) - (23 - -13)?
-22
What is the value of -2 + -1 + (-16 + 8 - -11) - 9?
-9
Evaluate -16 + -1 + 3 - (2478 - 2521).
29
-11 + 45 - (-22 + 53)
3
Evaluate (43 - 37 - 6) + -25.
-25
25 - -14 - 14 - (9 - 0)
16
What is the value of (1 - 23) + 38 + -45 + 18?
-11
27 + (-45 - (13 + -12))
-19
What is the value of -15 + (20 - (-14 + 18))?
1
Evaluate -10 - (2 + 2 + (-1 - 13)).
0
Evaluate 11 - (11 - (14 - 14)).
0
What is 60 + -4 + -11 + (-13 - (5 - 7))?
34
3 + 10 + -10 + 2 + 3 - -1
9
Calculate 162 - 164 - (12 - 0).
-14
What is the value of -4 - -1 - (2 + (8 - 19 - -8))?
-2
Calculate -101 + 94 + (3 - 0) + 3.
-1
Calculate 7 + (16 + -19 - -10 - 11).
3
2 + 17 + -1 + (-4779 - -4747)
-14
What is the value of 23 + 9 + (-9 - 21)?
2
Calculate 0 + (-7 + (10 - 5) - 1 - -1).
-2
What is the value of -60 - -81 - (4 + -3 + 0 + 7)?
13
Evaluate (-2 - -8) + -18 + (55 - 56).
-13
What is -811 + 835 - (1 + -3)?
26
27 + 0 + (454 - 493)
-12
Evaluate 16 + -1 + -94 + 58 - 6.
-27
What is (5 - (-2 + -1)) + -25 + 21?
4
4 + (-17 + 10 - -25 - 17)
5
Calculate 1 - -3 - (96 + -83).
-9
Evaluate (-2 - (-2 - -9)) + 29.
20
What is the value of 8 - 4 - 1 - (-2 + 21 + -4)?
-12
Evaluate (11 + 3 - 18) + (-7 - (8 + 6)).
-25
Calculate -56 + 59 - (0 + -2 + 6).
-1
Calculate -15 + 30 + (-16 - 6).
-7
What is the value of 0 + 3 - (-118 + 99)?
22
(-1 - 5 - 6) + (-2 - -9) + 5
0
Evaluate 88 - 123 - (2 + -24).
-13
What is the value of -3 - (1 - -19) - (-22 - -27 - 3)?
-25
What is the value of -32 - (1 - 19) - -13?
-1
(2 - 21 - -13) + 0 + 1 + -7
-12
What is (1 - -33) + (103 - -10 - 112)?
35
Evaluate (-7 + 28 - 82) + 35.
-26
What is 17 - (4 + 8 - -2)?
3
Calculate -6 - (65 - 72 - (1 - 9)).
-7
What is the value of (-21 - -6) + (-4 - -15)?
-4
-13 - (-22 - -11 - -14)
-16
Calculate -4 + 4 + (-5 - (-1 + -9 - -11)).
-6
(14 - 32) + 10 - -12
4
Calculate 0 + 2 + 16 - 15.
3
Evaluate (3 - 3 - (3 + 3 + 0)) + -1.
-7
What is the value of (-63 - -69 - (11 - -1)) + 11?
5
Calculate (16 - 19) + -9 + 7.
-5
Calculate 1587 - 1588 - (2 + (-2 - (0 + -15))).
-16
4 + -4 - (23 + -21) - (-2 + -2)
2
Calculate 7 - ((19 - -7) + -10) - 3.
-12
-46 + 46 + -1 + -1 + 8
6
Evaluate 11 + (-14 - 20 - -17).
-6
What is -2 + -15 + -6 + 10 + -9 + 9?
-13
What is the value of -20 + (25 - -11) + 0 + 0 + -2?
14
Evaluate (3 - (1 - -1) - 1) + 0.
0
Calculate (50 - (28 - 11)) + -22.
11
-37 + 10 + -5 - -14
-18
What is 6 + 3 + 0 + -4?
5
What is the value of (2 - -13) + -10 + 4 + -4?
5
9 - (-33 + 17) - 12
13
What is 27 - (7 - (10 - 21))?
9
Calculate (-41 - -18 - -2) + 10 + 0 + -2.
-13
What is -1 + -1 + (-17 - -45) + -25?
1
Calculate -1 - 7 - (-3 + -1 + (77 - 76)).
-5
What is the value of -50 